{"id":184,"date":"2018-04-17T15:02:12","date_gmt":"2018-04-17T13:02:12","guid":{"rendered":"http:\/\/134.158.130.108\/wordpress\/?page_id=184"},"modified":"2026-02-13T11:44:11","modified_gmt":"2026-02-13T10:44:11","slug":"publications","status":"publish","type":"page","link":"https:\/\/llrwebpepites.in2p3.fr\/wordpress\/index.php\/publications\/","title":{"rendered":"Publications"},"content":{"rendered":"<hr \/>\n<ul>\n<li><strong>Poster presented at the <a href=\"https:\/\/ibic2025.org\/\" target=\"_blank\" rel=\"noopener\">14th International Beam Instrumentation Conference<\/a><\/strong><\/li>\n<\/ul>\n<p><a href=\"https:\/\/llrwebpepites.in2p3.fr\/wordpress\/wp-content\/uploads\/2025\/09\/poster-IBIC-final.pdf\" target=\"_blank\" rel=\"noopener\"><img loading=\"lazy\" decoding=\"async\" class=\"alignnone wp-image-689 size-medium\" src=\"https:\/\/llrwebpepites.in2p3.fr\/wordpress\/wp-content\/uploads\/2025\/09\/poster-IBIC-final-212x300.jpg\" alt=\"\" width=\"212\" height=\"300\" srcset=\"https:\/\/llrwebpepites.in2p3.fr\/wordpress\/wp-content\/uploads\/2025\/09\/poster-IBIC-final-212x300.jpg 212w, https:\/\/llrwebpepites.in2p3.fr\/wordpress\/wp-content\/uploads\/2025\/09\/poster-IBIC-final-724x1024.jpg 724w, https:\/\/llrwebpepites.in2p3.fr\/wordpress\/wp-content\/uploads\/2025\/09\/poster-IBIC-final-768x1086.jpg 768w, https:\/\/llrwebpepites.in2p3.fr\/wordpress\/wp-content\/uploads\/2025\/09\/poster-IBIC-final-1086x1536.jpg 1086w, https:\/\/llrwebpepites.in2p3.fr\/wordpress\/wp-content\/uploads\/2025\/09\/poster-IBIC-final-1448x2048.jpg 1448w, https:\/\/llrwebpepites.in2p3.fr\/wordpress\/wp-content\/uploads\/2025\/09\/poster-IBIC-final.jpg 1655w\" sizes=\"auto, (max-width: 212px) 100vw, 212px\" \/><\/a><\/p>\n<p><em>Work partially supported by the EU H2020 HITRIplus project (GA 101008548) through TNA<\/em><\/p>\n<hr \/>\n<ul>\n<li><strong>Poster presented at the 63th <a href=\"https:\/\/ptcog63.org\/\">Annual Conference of Particle Therapy Co-Operative Group<\/a><\/strong><\/li>\n<\/ul>\n<p><a href=\"https:\/\/llrwebpepites.in2p3.fr\/wordpress\/wp-content\/uploads\/2025\/06\/2025-PTCOG63-Thiebaux-774-PEPITES-PTCOG63.pdf\" target=\"_blank\" rel=\"noopener\"><img loading=\"lazy\" decoding=\"async\" class=\"alignnone wp-image-667 size-medium\" src=\"https:\/\/llrwebpepites.in2p3.fr\/wordpress\/wp-content\/uploads\/2025\/06\/2025-PTCOG63-Thiebaux-774-PEPITES-PTCOG63-300x169.jpg\" alt=\"\" width=\"300\" height=\"169\" srcset=\"https:\/\/llrwebpepites.in2p3.fr\/wordpress\/wp-content\/uploads\/2025\/06\/2025-PTCOG63-Thiebaux-774-PEPITES-PTCOG63-300x169.jpg 300w, https:\/\/llrwebpepites.in2p3.fr\/wordpress\/wp-content\/uploads\/2025\/06\/2025-PTCOG63-Thiebaux-774-PEPITES-PTCOG63-1024x576.jpg 1024w, https:\/\/llrwebpepites.in2p3.fr\/wordpress\/wp-content\/uploads\/2025\/06\/2025-PTCOG63-Thiebaux-774-PEPITES-PTCOG63-768x432.jpg 768w, https:\/\/llrwebpepites.in2p3.fr\/wordpress\/wp-content\/uploads\/2025\/06\/2025-PTCOG63-Thiebaux-774-PEPITES-PTCOG63-1536x864.jpg 1536w, https:\/\/llrwebpepites.in2p3.fr\/wordpress\/wp-content\/uploads\/2025\/06\/2025-PTCOG63-Thiebaux-774-PEPITES-PTCOG63-2048x1152.jpg 2048w\" sizes=\"auto, (max-width: 300px) 100vw, 300px\" \/><\/a><\/p>\n<p><em>Work partially supported by the EU H2020 HITRIplus project (GA 101008548) through TNA<\/em><\/p>\n<hr \/>\n<ul>\n<li><strong>Poster presented at the &#8220;<a href=\"https:\/\/ipac25.org\/\">16th International Particle Accelerator Conference<\/a>&#8220;<\/strong><\/li>\n<\/ul>\n<p><a href=\"https:\/\/llrwebpepites.in2p3.fr\/wordpress\/wp-content\/uploads\/2025\/06\/2025-IPAC25-Poster_Alexandre-Esper_LLR_v2.2-1.pdf\" target=\"_blank\" rel=\"noopener\"><img loading=\"lazy\" decoding=\"async\" class=\"alignnone wp-image-664 size-medium\" src=\"https:\/\/llrwebpepites.in2p3.fr\/wordpress\/wp-content\/uploads\/2025\/06\/2025-IPAC25-Poster_Alexandre-Esper_LLR_v2.2-1-211x300.png\" alt=\"\" width=\"211\" height=\"300\" srcset=\"https:\/\/llrwebpepites.in2p3.fr\/wordpress\/wp-content\/uploads\/2025\/06\/2025-IPAC25-Poster_Alexandre-Esper_LLR_v2.2-1-211x300.png 211w, https:\/\/llrwebpepites.in2p3.fr\/wordpress\/wp-content\/uploads\/2025\/06\/2025-IPAC25-Poster_Alexandre-Esper_LLR_v2.2-1-719x1024.png 719w, https:\/\/llrwebpepites.in2p3.fr\/wordpress\/wp-content\/uploads\/2025\/06\/2025-IPAC25-Poster_Alexandre-Esper_LLR_v2.2-1-768x1093.png 768w, https:\/\/llrwebpepites.in2p3.fr\/wordpress\/wp-content\/uploads\/2025\/06\/2025-IPAC25-Poster_Alexandre-Esper_LLR_v2.2-1.png 840w\" sizes=\"auto, (max-width: 211px) 100vw, 211px\" \/><\/a><\/p>\n<p><em>Work partially supported by the EU H2020 HITRIplus project (GA 101008548) through TNA<\/em><\/p>\n<hr \/>\n<ul>\n<li>\n<p>Talk presented at the 2024 Workshop on Technologies &amp; Applied Research at the Future Valencian Proton-Therapy Facility<\/p>\n<\/li>\n<\/ul>\n<p><a href=\"https:\/\/indico.ific.uv.es\/event\/7330\/contributions\/22507\/attachments\/11793\/16636\/PEPITES-Valence-Spain-Thiebaux-2024.02.22.pdf\" target=\"_blank\" rel=\"noopener\"><img loading=\"lazy\" decoding=\"async\" class=\"alignnone wp-image-637 size-medium\" src=\"https:\/\/llrwebpepites.in2p3.fr\/wordpress\/wp-content\/uploads\/2024\/03\/image-212x300.png\" alt=\"\" width=\"212\" height=\"300\" srcset=\"https:\/\/llrwebpepites.in2p3.fr\/wordpress\/wp-content\/uploads\/2024\/03\/image-212x300.png 212w, https:\/\/llrwebpepites.in2p3.fr\/wordpress\/wp-content\/uploads\/2024\/03\/image-724x1024.png 724w, https:\/\/llrwebpepites.in2p3.fr\/wordpress\/wp-content\/uploads\/2024\/03\/image-768x1087.png 768w, https:\/\/llrwebpepites.in2p3.fr\/wordpress\/wp-content\/uploads\/2024\/03\/image-1085x1536.png 1085w, https:\/\/llrwebpepites.in2p3.fr\/wordpress\/wp-content\/uploads\/2024\/03\/image.png 1190w\" sizes=\"auto, (max-width: 212px) 100vw, 212px\" \/><\/a><\/p>\n<hr \/>\n<ul>\n<li><strong>Talk presented at the <a href=\"https:\/\/2022.frpt-conference.org\/\">2022 Flash Radiotherapy and Particle Therapy conference<\/a><\/strong><\/li>\n<\/ul>\n<p><img loading=\"lazy\" decoding=\"async\" class=\"size-medium wp-image-597 aligncenter\" src=\"https:\/\/llrwebpepites.in2p3.fr\/wordpress\/wp-content\/uploads\/2022\/11\/FRPT-2022_Banner_450x300-300x200.jpg\" alt=\"\" width=\"300\" height=\"200\" srcset=\"https:\/\/llrwebpepites.in2p3.fr\/wordpress\/wp-content\/uploads\/2022\/11\/FRPT-2022_Banner_450x300-300x200.jpg 300w, https:\/\/llrwebpepites.in2p3.fr\/wordpress\/wp-content\/uploads\/2022\/11\/FRPT-2022_Banner_450x300.jpg 450w\" sizes=\"auto, (max-width: 300px) 100vw, 300px\" \/><\/p>\n<p class=\"card-title\"><em><a href=\"https:\/\/llrwebpepites.in2p3.fr\/wordpress\/wp-content\/uploads\/2023\/11\/PEPITES-FRPT-2022-PPT16.9.V3light.pdf\" target=\"_blank\" rel=\"noopener\"> PEPITES : A NEW TRANSPARENT PROFILER BASED ON SECONDARY ELECTRONS EMISSION FOR FLASH-RT CHARGED PARTICLE BEAMS.<\/a><\/em><\/p>\n<hr \/>\n<ul>\n<li><strong>Talk presented at HIAT2022 &#8220;<a href=\"https:\/\/indico.gsi.de\/event\/12135\/\" target=\"_blank\" rel=\"noopener\">15th International Conference on Heavy Ions Accelerator Technology<\/a>&#8221;\u00a0<\/strong><\/li>\n<\/ul>\n<p><img loading=\"lazy\" decoding=\"async\" class=\"sFlh5c pT0Scc iPVvYb aligncenter\" src=\"https:\/\/accelconf.web.cern.ch\/hiat2022\/im0ges\/HIAT2022-proceedings-poster.png\" alt=\"HIAT2022 - Contributions to the Proceedings\" width=\"326\" height=\"383\" aria-hidden=\"false\" \/><\/p>\n<p style=\"text-align: left;\"><a href=\"https:\/\/accelconf.web.cern.ch\/hiat2022\/talks\/tu3i2_talk.pdf\" target=\"_blank\" rel=\"noopener\">BEAM INSTRUMENTATION, CHALLENGING TOOLS FOR DEMANDING PROJECTS \u2013 A SNAPSHOT FROM THE FRENCH ASSIGNED NETWORK<\/a><\/p>\n<p><a href=\"https:\/\/accelconf.web.cern.ch\/hiat2022\/papers\/tu3i2.pdf\" target=\"_blank\" rel=\"noopener\">Conference paper<\/a> is available<\/p>\n<hr \/>\n<ul>\n<li><strong>Poster presented at the &#8220;<a href=\"https:\/\/synchrotron.uj.edu.pl\/en_GB\/ibic2022\">11th International Beam Instrumentation Conference<\/a>&#8220;<\/strong><\/li>\n<\/ul>\n<p><a href=\"https:\/\/llrwebpepites.in2p3.fr\/wordpress\/wp-content\/uploads\/2022\/11\/IBIC22-THIEBAUX-MOP21-VF.pdf\" target=\"_blank\" rel=\"noopener\"><img loading=\"lazy\" decoding=\"async\" class=\"alignnone wp-image-586 size-medium\" src=\"https:\/\/llrwebpepites.in2p3.fr\/wordpress\/wp-content\/uploads\/2022\/11\/IBIC22-THIEBAUX-MOP21-VF-2-212x300.jpg\" alt=\"\" width=\"212\" height=\"300\" srcset=\"https:\/\/llrwebpepites.in2p3.fr\/wordpress\/wp-content\/uploads\/2022\/11\/IBIC22-THIEBAUX-MOP21-VF-2-212x300.jpg 212w, https:\/\/llrwebpepites.in2p3.fr\/wordpress\/wp-content\/uploads\/2022\/11\/IBIC22-THIEBAUX-MOP21-VF-2-768x1086.jpg 768w, https:\/\/llrwebpepites.in2p3.fr\/wordpress\/wp-content\/uploads\/2022\/11\/IBIC22-THIEBAUX-MOP21-VF-2-724x1024.jpg 724w\" sizes=\"auto, (max-width: 212px) 100vw, 212px\" \/><\/a><\/p>\n<p><strong><a href=\"https:\/\/ibic2022.vrws.de\/papers\/mop21.pdf\">Conference paper<\/a> is also available<\/strong><\/p>\n<hr \/>\n<ul>\n<li><strong>Poster presented at the &#8220;<a href=\"https:\/\/www.ibaf.fr\/IBAF2021\" target=\"_blank\" rel=\"noopener\">8\u00e8me rencontres Ion Beam Applications Francophone<\/a>&#8220;<\/strong><\/li>\n<\/ul>\n<p><a href=\"https:\/\/llrwebpepites.in2p3.fr\/wordpress\/wp-content\/uploads\/2021\/07\/Poster-IBAF.pdf\" target=\"_blank\" rel=\"noopener\"><img loading=\"lazy\" decoding=\"async\" class=\"alignnone wp-image-533 size-medium\" src=\"https:\/\/llrwebpepites.in2p3.fr\/wordpress\/wp-content\/uploads\/2021\/07\/Poster-IBAF-212x300.png\" alt=\"\" width=\"212\" height=\"300\" srcset=\"https:\/\/llrwebpepites.in2p3.fr\/wordpress\/wp-content\/uploads\/2021\/07\/Poster-IBAF-212x300.png 212w, https:\/\/llrwebpepites.in2p3.fr\/wordpress\/wp-content\/uploads\/2021\/07\/Poster-IBAF-768x1087.png 768w, https:\/\/llrwebpepites.in2p3.fr\/wordpress\/wp-content\/uploads\/2021\/07\/Poster-IBAF-724x1024.png 724w, https:\/\/llrwebpepites.in2p3.fr\/wordpress\/wp-content\/uploads\/2021\/07\/Poster-IBAF.png 826w\" sizes=\"auto, (max-width: 212px) 100vw, 212px\" \/><\/a><\/p>\n<hr \/>\n<ul>\n<li><strong>Patent protecting the PEPITES profiler developed by LLR researchers<\/strong><\/li>\n<\/ul>\n<p class=\"notice-title\">&#8220;SYSTEME DE CARACTERISATION D&#8217;UN FAISCEAU DE PARTICULES CHARGEES ET MACHINE DE PRODUCTION D&#8217;UN FAISCEAU DE PARTICULES CHARGEES COMPRENANT UN TEL SYSTEME&#8221;<\/p>\n<p>Invention patent 1850979 issued to Ecole polytechnique and CNRS<\/p>\n<p>Patent\u00a0<a href=\"https:\/\/bases-brevets.inpi.fr\/fr\/document\/FR3077646\/publications.html?tx_jsearchrest_documentsearchrest%5BselectedDocumentRow%5D=2&amp;p=5&amp;s=1586861828401&amp;cHash=6b9f9fac3ec031c25028dd82dd81dfa5\" target=\"_blank\" rel=\"noopener\"><strong>FR3077646 B1<\/strong><\/a><\/p>\n<hr \/>\n<ul>\n<li><strong>Proceedings of\u00a0<a href=\"https:\/\/ecaart13.irb.hr\" target=\"_blank\" rel=\"noopener\">13th European Conference on Accelerators in Applied Research and Technology<\/a><\/strong><\/li>\n<\/ul>\n<p><em><span class=\"title-text\">Exploring radiation hardness of PEPITES, a new transparent charged particle beam profiler<\/span><br \/><\/em>S. Elidrissi-Moubtassim, et al.<br \/>Nuclear Inst. and Methods in Physics Research, B (2020) Vol. 466, pp. 8-11<br \/><a href=\"https:\/\/doi.org\/10.1016\/j.nimb.2020.01.003\" target=\"_blank\" rel=\"noopener\">https:\/\/doi.org\/10.1016\/j.nimb.2020.01.003<\/a><\/p>\n<hr \/>\n<ul>\n<li><strong>Proceedings of the <a href=\"https:\/\/sfpm-js2019.sciencesconf.org\" target=\"_blank\" rel=\"noopener\">SFPM 58\u00e9mes Journ\u00e9es Scientifiques<\/a><\/strong>\u00a0\u00a0<span style=\"font-size: 1.5rem;\">\u00a0<\/span><\/li>\n<\/ul>\n<p><em>A new transparent beam profiler based on secondary electrons emission for hadrontherapy charged particles beam<span class=\"title-text\">s<\/span><br \/><\/em>C. Thiebaux, et al.<br \/>Physica Medica: European Journal of Medical Physics, Volume 68, 42<br \/><a href=\"https:\/\/doi.org\/10.1016\/j.ejmp.2019.09.149\" target=\"_blank\" rel=\"noopener\">https:\/\/doi.org\/10.1016\/j.ejmp.2019.09.149\u00a0<\/a><\/p>\n<hr \/>\n<ul>\n<li><strong>Talk presented at the <a href=\"https:\/\/indico.jacow.org\/event\/14\/overview\" target=\"_blank\" rel=\"noopener\">22nd International Conference on Cyclotrons and their Applications<\/a><\/strong><\/li>\n<\/ul>\n<p><strong><img loading=\"lazy\" decoding=\"async\" class=\"alignnone size-medium wp-image-442\" src=\"https:\/\/llrwebpepites.in2p3.fr\/wordpress\/wp-content\/uploads\/2019\/09\/imgres-300x142.png\" alt=\"\" width=\"300\" height=\"142\" srcset=\"https:\/\/llrwebpepites.in2p3.fr\/wordpress\/wp-content\/uploads\/2019\/09\/imgres-300x142.png 300w, https:\/\/llrwebpepites.in2p3.fr\/wordpress\/wp-content\/uploads\/2019\/09\/imgres.png 326w\" sizes=\"auto, (max-width: 300px) 100vw, 300px\" \/><\/strong><\/p>\n<div class=\"page\" title=\"Page 1\">\n<div class=\"section\">\n<div class=\"layoutArea\">\n<div class=\"column\">\n<p><em>Development\u00a0of a transparent profiler based on secondary electrons emission for charged particle beams<\/em><br \/>C. Thiebaux, et al.<br \/><a href=\"https:\/\/doi.org\/10.18429\/JACoW-Cyclotrons2019-THB04\">https:\/\/doi.org\/10.18429\/JACoW-Cyclotrons2019-THB04<\/a><\/p>\n<p><span style=\"font-size: 1rem;\">Present on our Web:<\/span><\/p>\n<\/div>\n<\/div>\n<\/div>\n<\/div>\n<ul>\n<li>the\u00a0<a href=\"https:\/\/llrwebpepites.in2p3.fr\/wordpress\/wp-content\/uploads\/2019\/09\/CYCLOTRONS-2019-Abstract.pdf\" target=\"_blank\" rel=\"noopener\">abstract<\/a><\/li>\n<li>the\u00a0<a href=\"https:\/\/llrwebpepites.in2p3.fr\/wordpress\/wp-content\/uploads\/2019\/09\/THB04_talk-forWEB.pdf\" target=\"_blank\" rel=\"noopener\">talk transparencies<\/a><\/li>\n<li>the\u00a0<a href=\"https:\/\/llrwebpepites.in2p3.fr\/wordpress\/wp-content\/uploads\/2019\/09\/THB04-2.pdf\" target=\"_blank\" rel=\"noopener\">contributed paper<\/a><\/li>\n<\/ul>\n<hr \/>\n<ul>\n<li><strong>Poster presented at <a href=\"https:\/\/indico.lal.in2p3.fr\/event\/5423\/\" target=\"_blank\" rel=\"noopener\">Les journ\u00e9es Acc\u00e9l\u00e9rateurs de la SFP<\/a><\/strong><\/li>\n<\/ul>\n<p><a href=\"https:\/\/llrwebpepites.in2p3.fr\/wordpress\/wp-content\/uploads\/2019\/09\/2019-10-ROSCOFF.pdf\" target=\"_blank\" rel=\"noopener\"><img loading=\"lazy\" decoding=\"async\" class=\"alignnone wp-image-447 size-medium\" src=\"https:\/\/llrwebpepites.in2p3.fr\/wordpress\/wp-content\/uploads\/2019\/09\/2019-10-ROSCOFF-212x300.jpg\" alt=\"\" width=\"212\" height=\"300\" srcset=\"https:\/\/llrwebpepites.in2p3.fr\/wordpress\/wp-content\/uploads\/2019\/09\/2019-10-ROSCOFF-212x300.jpg 212w, https:\/\/llrwebpepites.in2p3.fr\/wordpress\/wp-content\/uploads\/2019\/09\/2019-10-ROSCOFF-768x1086.jpg 768w, https:\/\/llrwebpepites.in2p3.fr\/wordpress\/wp-content\/uploads\/2019\/09\/2019-10-ROSCOFF-724x1024.jpg 724w\" sizes=\"auto, (max-width: 212px) 100vw, 212px\" \/><\/a><\/p>\n<hr \/>\n<ul>\n<li><strong>Poster presented at <a href=\"https:\/\/ptcog58.org\" target=\"_blank\" rel=\"noopener\">58th Annual Conference of Particle Therapy Co-Operative Group<\/a><\/strong><\/li>\n<\/ul>\n<p><a href=\"https:\/\/llrwebpepites.in2p3.fr\/wordpress\/wp-content\/uploads\/2019\/06\/PTCOG58-PTC58-0143.pdf\" target=\"_blank\" rel=\"noopener\"><img loading=\"lazy\" decoding=\"async\" class=\"alignnone wp-image-401 size-medium\" src=\"https:\/\/llrwebpepites.in2p3.fr\/wordpress\/wp-content\/uploads\/2019\/06\/PTCOG58-PTC58-0143-211x300.jpg\" alt=\"\" width=\"211\" height=\"300\" srcset=\"https:\/\/llrwebpepites.in2p3.fr\/wordpress\/wp-content\/uploads\/2019\/06\/PTCOG58-PTC58-0143-211x300.jpg 211w, https:\/\/llrwebpepites.in2p3.fr\/wordpress\/wp-content\/uploads\/2019\/06\/PTCOG58-PTC58-0143-768x1092.jpg 768w, https:\/\/llrwebpepites.in2p3.fr\/wordpress\/wp-content\/uploads\/2019\/06\/PTCOG58-PTC58-0143-720x1024.jpg 720w, https:\/\/llrwebpepites.in2p3.fr\/wordpress\/wp-content\/uploads\/2019\/06\/PTCOG58-PTC58-0143.jpg 1500w\" sizes=\"auto, (max-width: 211px) 100vw, 211px\" \/><\/a><\/p>\n<p>Find the <a href=\"https:\/\/cmoffice.kenes.com\/cmsearchableprogrammeV15\/conferencemanager\/programme\/personid\/anonymous\/PTCOG58\/normal\/b833d15f547f3cf698a5e922754684fa334885ed#!abstractdetails\/0000698869\" target=\"_blank\" rel=\"noopener\">abstract<\/a> on the conference website as well as <a href=\"https:\/\/www.morressier.com\/article\/new-transparent-beam-profiler-based-secondary-electrons-emission-hadrontherapy-charged-particles-beams\/5cb7218fae0a090015830800\" target=\"_blank\" rel=\"noopener\">the poster<\/a>.<\/p>\n<hr \/>\n<ul>\n<li><strong>Poster presented at <a href=\"https:\/\/sfpm-js2019.sciencesconf.org\" target=\"_blank\" rel=\"noopener\">SFPM 58\u00e9mes Journ\u00e9es Scientifiques<\/a><\/strong><\/li>\n<\/ul>\n<p><a href=\"https:\/\/llrwebpepites.in2p3.fr\/wordpress\/wp-content\/uploads\/2019\/06\/SFPM19-266431.pdf\" target=\"_blank\" rel=\"noopener\"><img loading=\"lazy\" decoding=\"async\" class=\"alignnone wp-image-382 size-medium\" src=\"https:\/\/llrwebpepites.in2p3.fr\/wordpress\/wp-content\/uploads\/2019\/06\/SFPM19-266431-169x300.jpg\" alt=\"\" width=\"169\" height=\"300\" srcset=\"https:\/\/llrwebpepites.in2p3.fr\/wordpress\/wp-content\/uploads\/2019\/06\/SFPM19-266431-169x300.jpg 169w, https:\/\/llrwebpepites.in2p3.fr\/wordpress\/wp-content\/uploads\/2019\/06\/SFPM19-266431-576x1024.jpg 576w, https:\/\/llrwebpepites.in2p3.fr\/wordpress\/wp-content\/uploads\/2019\/06\/SFPM19-266431.jpg 720w\" sizes=\"auto, (max-width: 169px) 100vw, 169px\" \/><\/a><\/p>\n<hr \/>\n<ul>\n<li><strong>Poster presented at the <a href=\"https:\/\/ecaart13.irb.hr\" target=\"_blank\" rel=\"noopener\">13th European Conference on Accelerators in Applied Research and Technology<\/a><\/strong><\/li>\n<\/ul>\n<p><a href=\"https:\/\/llrwebpepites.in2p3.fr\/wordpress\/wp-content\/uploads\/2019\/06\/Ecaart13_ck.pdf\" target=\"_blank\" rel=\"noopener\"><img loading=\"lazy\" decoding=\"async\" class=\"alignnone wp-image-394 size-medium\" src=\"https:\/\/llrwebpepites.in2p3.fr\/wordpress\/wp-content\/uploads\/2019\/06\/Ecaart13_ck-212x300.jpg\" alt=\"\" width=\"212\" height=\"300\" srcset=\"https:\/\/llrwebpepites.in2p3.fr\/wordpress\/wp-content\/uploads\/2019\/06\/Ecaart13_ck-212x300.jpg 212w, https:\/\/llrwebpepites.in2p3.fr\/wordpress\/wp-content\/uploads\/2019\/06\/Ecaart13_ck.jpg 394w\" sizes=\"auto, (max-width: 212px) 100vw, 212px\" \/><\/a><\/p>\n<hr \/>\n<ul>\n<li>\n<h6>Proceedings of the\u00a0\u00a0<span class=\"conferencetitlelink\"><a href=\"https:\/\/agenda.infn.it\/conferenceDisplay.py?confId=17834\" target=\"_blank\" rel=\"noopener\">14th Pisa Meeting on Advanced Detectors<\/a><\/span><\/h6>\n<\/li>\n<\/ul>\n<p><em><span class=\"title-text\">Development of an ultra thin beam profiler for charged particle beams<\/span><\/em><br \/>B. Boyer, et al.<br \/>Nuclear Inst. and Methods in Physics Research, A (2018)<br \/><a href=\"https:\/\/doi.org\/10.1016\/j.nima.2018.09.134\" target=\"_blank\" rel=\"noopener\">https:\/\/doi.org\/10.1016\/j.nima.2018.09.134<\/a><\/p>\n<hr \/>\n<ul>\n<li>\n<h6>Poster presented at the\u00a0<a style=\"font-size: 0.9375rem; font-weight: 800;\" href=\"https:\/\/agenda.infn.it\/conferenceDisplay.py?confId=17834\" target=\"_blank\" rel=\"noopener\">14th Pisa Meeting on Advanced Detectors<\/a><\/h6>\n<\/li>\n<\/ul>\n<p><a href=\"https:\/\/llrwebpepites.in2p3.fr\/wordpress\/wp-content\/uploads\/2020\/04\/poster_high.png\" target=\"_blank\" rel=\"noopener\"><img loading=\"lazy\" decoding=\"async\" class=\"alignnone wp-image-314 size-medium\" src=\"https:\/\/llrwebpepites.in2p3.fr\/wordpress\/wp-content\/uploads\/2018\/05\/poster_low-233x300.png\" alt=\"\" width=\"233\" height=\"300\" srcset=\"https:\/\/llrwebpepites.in2p3.fr\/wordpress\/wp-content\/uploads\/2018\/05\/poster_low-233x300.png 233w, https:\/\/llrwebpepites.in2p3.fr\/wordpress\/wp-content\/uploads\/2018\/05\/poster_low-768x987.png 768w, https:\/\/llrwebpepites.in2p3.fr\/wordpress\/wp-content\/uploads\/2018\/05\/poster_low-797x1024.png 797w, https:\/\/llrwebpepites.in2p3.fr\/wordpress\/wp-content\/uploads\/2018\/05\/poster_low.png 827w\" sizes=\"auto, (max-width: 233px) 100vw, 233px\" \/><\/a><\/p>\n<hr \/>\n<ul>\n<li>\n<h6>General audience poster<\/h6>\n<\/li>\n<\/ul>\n<p><a href=\"https:\/\/llrwebpepites.in2p3.fr\/wordpress\/wp-content\/uploads\/2020\/04\/posterCongres_low.png\" target=\"_blank\" rel=\"noopener\"><img loading=\"lazy\" decoding=\"async\" class=\"alignnone wp-image-371 size-medium\" src=\"https:\/\/llrwebpepites.in2p3.fr\/wordpress\/wp-content\/uploads\/2019\/03\/posterCongres_low-212x300.png\" alt=\"\" width=\"212\" height=\"300\" srcset=\"https:\/\/llrwebpepites.in2p3.fr\/wordpress\/wp-content\/uploads\/2019\/03\/posterCongres_low-212x300.png 212w, https:\/\/llrwebpepites.in2p3.fr\/wordpress\/wp-content\/uploads\/2019\/03\/posterCongres_low-768x1086.png 768w, https:\/\/llrwebpepites.in2p3.fr\/wordpress\/wp-content\/uploads\/2019\/03\/posterCongres_low-724x1024.png 724w\" sizes=\"auto, (max-width: 212px) 100vw, 212px\" \/><\/a><\/p>\n\n\n<hr class=\"wp-block-separator has-alpha-channel-opacity\"\/>\n","protected":false},"excerpt":{"rendered":"<p>Poster presented at the 14th International Beam Instrumentation Conference Work partially supported by the EU H2020 HITRIplus project (GA 101008548) through TNA Poster presented at the 63th Annual Conference of Particle Therapy Co-Operative Group Work partially supported by the EU H2020 HITRIplus project (GA 101008548) through TNA Poster presented at the &#8220;16th International Particle Accelerator &hellip; <\/p>\n<p class=\"link-more\"><a href=\"https:\/\/llrwebpepites.in2p3.fr\/wordpress\/index.php\/publications\/\" class=\"more-link\">Continue reading<span class=\"screen-reader-text\"> &#8220;Publications&#8221;<\/span><\/a><\/p>\n","protected":false},"author":2,"featured_media":0,"parent":0,"menu_order":0,"comment_status":"closed","ping_status":"closed","template":"","meta":{"_exactmetrics_skip_tracking":false,"_exactmetrics_sitenote_active":false,"_exactmetrics_sitenote_note":"","_exactmetrics_sitenote_category":0,"footnotes":""},"class_list":["post-184","page","type-page","status-publish","hentry"],"_links":{"self":[{"href":"https:\/\/llrwebpepites.in2p3.fr\/wordpress\/index.php\/wp-json\/wp\/v2\/pages\/184","targetHints":{"allow":["GET"]}}],"collection":[{"href":"https:\/\/llrwebpepites.in2p3.fr\/wordpress\/index.php\/wp-json\/wp\/v2\/pages"}],"about":[{"href":"https:\/\/llrwebpepites.in2p3.fr\/wordpress\/index.php\/wp-json\/wp\/v2\/types\/page"}],"author":[{"embeddable":true,"href":"https:\/\/llrwebpepites.in2p3.fr\/wordpress\/index.php\/wp-json\/wp\/v2\/users\/2"}],"replies":[{"embeddable":true,"href":"https:\/\/llrwebpepites.in2p3.fr\/wordpress\/index.php\/wp-json\/wp\/v2\/comments?post=184"}],"version-history":[{"count":59,"href":"https:\/\/llrwebpepites.in2p3.fr\/wordpress\/index.php\/wp-json\/wp\/v2\/pages\/184\/revisions"}],"predecessor-version":[{"id":695,"href":"https:\/\/llrwebpepites.in2p3.fr\/wordpress\/index.php\/wp-json\/wp\/v2\/pages\/184\/revisions\/695"}],"wp:attachment":[{"href":"https:\/\/llrwebpepites.in2p3.fr\/wordpress\/index.php\/wp-json\/wp\/v2\/media?parent=184"}],"curies":[{"name":"wp","href":"https:\/\/api.w.org\/{rel}","templated":true}]}}